8)/(-20). Let t(z) = z**2 - 6*z - 8. Let k = 4 + 4. Let o(h) = -3*h**2 + 18*h + 23. Let i(p) = k*t(p) + 3*o(p). Calculate i(r).
10
Let m(a) = -a**3 + a**2 + 2*a + 1. Suppose -33 + 32 = s. Calculate m(s).
1
Let s(c) = 4 + 4 - c**2 + 11*c + 6 - 5. Give s(12).
-3
Let w(a) be the third derivative of -a**6/15 + a**5/30 - a**3/6 - 51*a**2. Calculate w(1).
-7
Let w(g) = -g**3 + 9*g**2 - 14*g + 14. Let k(f) = f**3 - 9*f**2 + 15*f - 15. Let z(v) = 6*k(v) + 7*w(v). What is z(8)?
8
Let c(s) be the third derivative of -s**5/60 + s**4/3 + 5*s**3/6 - 4*s**2. Calculate c(8).
5
Suppose -3*s - 13 = 5. Let a(t) = -7*t**2 - t**3 - 10*t - 6*t - 11 + 7*t + 5. Give a(s).
12
Suppose -5*d + 10*d + 5*f - 35 = 0, 3*f = 3*d + 9. Let s(z) = -5*z + d + 3 + 12*z + z**2. Determine s(-5).
-5
Let r(o) be the third derivative of -o**4/24 + 5*o**3/6 - 13*o**2. Give r(0).
5
Let z(b) = b**2 + 3*b - 5. Let x(c) = -5*c + 1. Let v(a) = a**2 + 5*a - 5. Let i be v(-6). Let f be x(i). Give z(f).
-1
Let b = -66 + 69. Let x(y) be the first derivative of -1/4*y**4 - 5*y + 2 + 4*y**2 + 5/3*y**b. Calculate x(6).
7
Suppose -1 = -5*b + 2*u + 6, -6 = 2*b - 3*u. Let c(k) = -4*k**2 + k**3 + 2 - 2 + 4*k. Give c(b).
3
Let c(v) be the third derivative of -v**6/120 + v**5/10 - 5*v**4/24 - 14*v**2. Give c(5).
0
Let l(u) = -u**2 + 8*u + 5. Let k(j) = -2*j + 8. Let x be k(2). Calculate l(x).
21
Let s(g) be the third derivative of g**7/280 + g**5/120 + g**4/24 + g**3/2 + 2*g**2. Let v(i) be the first derivative of s(i). Calculate v(-1).
-3
Let c(p) = 5*p**2 - 14*p + 9. Let t(g) = -9*g**2 + 27*g - 17. Let b(o) = 7*c(o) + 4*t(o). What is b(6)?
19
Let z(l) = l**3 + 6*l**2 + 6*l. Let c(d) = -d + 17. Let t be c(-12). Let n = t - 33. Give z(n).
8
Let j(v) = 2*v**3 + 4*v**2 - 2*v - 4. Let c be (-3)/(-18) + (-19)/6. Give j(c).
-16
Let p(r) = r**3 + r**2 - 4*r - r**2 + 2*r**2. Let t be (-1 - -3)*((-54)/4)/9. Determine p(t).
3
Let x(v) be the first derivative of -3*v**2/2 - 6*v + 1. Let l = -152 - -146. Determine x(l).
12
Let q be (-3)/6 - 1/2. Let a(t) be the second derivative of -1/2*t**3 + 1/2*t**2 + 5*t + 0. What is a(q)?
4
Let t(n) = 2*n**2. Let s(q) = -6*q**3 - q + 4. Let c(b) = 5*b**3 + b - 4. Let u(a) = -5*c(a) - 4*s(a). Let r be u(0). Let j = -2 + r. Give t(j).
8
Let n(o) be the second derivative of -1/3*o**3 - 1/2*o**2 + 0 + 1/6*o**4 + 2*o. Give n(-1).
3
Let d(v) = v**3 - 6*v**2 + 2. Let y be d(6). Let b(a) = 4*a**2 - 5*a**y + 0*a**2. Give b(-2).
-4
Let y = 51 + 19. Suppose -2*w - y = -3*b, 2*b + 2*w = -w + 25. Suppose 2*t = -3*t - b. Let d(k) = -2*k - 5. What is d(t)?
3
Let w(r) = -6*r. Let c(x) be the first derivative of -x**4/4 + x**2/2 + x + 10. Let t be c(0). What is w(t)?
-6
Let d = -8 + 13. Let j(b) = 3*b + d - 4 + 2*b. Suppose 0 = -0*n + n - 1. What is j(n)?
6
Let o(g) = 2*g**2 + g**3 + 3*g - 2*g**2 + 4*g**2. Give o(-2).
2
Let q(o) = 0*o + 4 - 5 - 2*o. Let w be 10*(-1)/(-2 + 0). Calculate q(w).
-11
Let s(v) = 4*v**3 + v**2 - v. Let m be s(1). Suppose -m*u + 3*u = 1. Let z(n) = -7 + 3*n - 13 + n**3 - n + 21. Calculate z(u).
-2
Let l(z) be the second derivative of -z**4/4 - z**3/2 - z**2 - z. Suppose 4*y - 3 = 17. Suppose -5 = y*k - v + 6*v, 0 = 5*k + 2*v + 8. Calculate l(k).
-8
Let v(j) = j**2 - 7*j + 10. Let r(k) = -k**2 + k. Let n(l) = -2*r(l) - v(l). What is n(-7)?
4
Let l = -7/4 + 25/12. Let j(s) be the first derivative of s - l*s**3 - 1 - 5/2*s**2. Determine j(-5).
1
Let o(t) = t - 7. Let q = -13 + 6. Determine o(q).
-14
Let j be 14/(-7)*(-1 - 0). Let h(o) = 5 + 11*o**j - 3*o - 10*o**2 - 4*o. Give h(5).
-5
Let t(q) be the third derivative of -q**6/120 + q**5/10 - 5*q**4/24 - q**3/2 - 14*q**2. Calculate t(5).
-3
Let m(f) be the first derivative of -f**2/2 - 4*f + 2. Suppose -2*b = -0*b. Give m(b).
-4
Let x(s) = s**3 - 3*s**2 + 2. Let f(g) = g - 8. Let a be f(11). Give x(a).
2
Let f(n) = n**3 + 5*n**2 - 6*n + 4. Let j be f(-6). Let a(h) = 4 + h**2 - h**3 + 4*h**2 + 12*h - 17*h. Determine a(j).
0
Let g(s) = s**3 - 2*s**2 + 10 + 0*s**3 - 13. Determine g(3).
6
Let r(p) = -15*p**3 + 3*p**2 - p - 14. Let c(g) = 7*g**3 - 2*g**2 + g + 7. Let o(i) = 13*c(i) + 6*r(i). What is o(7)?
7
Suppose 4*p - 16 = 2*x, 2*p - 2*x = -0*x + 10. Let o(i) = 4*i - i - 3*i + i**2 + i**p. Suppose 0*j + 5*j = -3*t + 4, 4*t + 2*j + 4 = 0. Calculate o(t).
-4
Let v(h) = -1 - 57*h + 1 - 2 + 56*h. Suppose 4*d - 2*d - 15 = -3*b, 0 = 2*b - 5*d - 10. Determine v(b).
-7
Let f(u) = -u**3 + 2*u**2 + 2*u - 1. Let m be (2 - 1)/(1/2). Calculate f(m).
3
Suppose 0 = g - 0*g - 2. Suppose 0 = -5*z + g*u + 2, -5*z + 4*u + 5 - 1 = 0. Let a(m) = m**3 + m + 3. Give a(z).
3
Let f(x) = x + 1. Let c be f(-3). Let u(i) = 5*i - 12*i + 3*i + 3*i. What is u(c)?
2
Suppose 3*t - 1 - 2 = s, t + s + 3 = 0. Let x(v) = v**2 + 12. Determine x(t).
12
Let f be (-2)/(3/((-75)/10)). Let w(c) = c - 7. Calculate w(f).
-2
Let t(y) = -3*y**2 - 5*y**2 + 0*y + 2*y**2 - 8 - y**3 + y. What is t(-6)?
-14
Let c be (20/25)/(2/5). Let w(j) = -1 + 0*j**c - 5*j + 0 - j**2. Suppose -4*r = 2*t + 14, -3*t + 3 + 0 = 0. Calculate w(r).
3
Let l(d) = -2 + 1 - 2*d - 2. Calculate l(-7).
11
Let l be -1 - (-4)/1 - 73. Let q be 4/14 + (-260)/l. Let a(m) = -m**2 + 4*m + 1. Calculate a(q).
1
Let j(z) = z**2 + 6*z - 7. Let u(c) = 9*c + 3. Let o be u(-1). Calculate j(o).
-7
Let i = -10 - -15. Suppose i*w = 3*v + 8, 5*v - 20 = -2*w + 8. Suppose -c - w*c = -10. Let m(r) = -r**2 - 4*r + 3. Determine m(c).
-9
Let u(o) be the third derivative of o**5/60 + 5*o**4/24 + o**3/3 - 3*o**2. Calculate u(-3).
-4
Let z = 9 + -5. Let w = -2 - -4. Let r(d) = -5*d**w - 1 + 0 + 6*d + d**3 - 2 - 2. Calculate r(z).
3
Let k(x) = -x**3 - 4*x**2 - 4*x - 4. Let l be k(-3). Let m = 2 + l. Let n(r) = 3*r - 4. Let f(t) = -4*t + 5. Let p(s) = -5*f(s) - 6*n(s). Give p(m).
1
Let b(o) = -4 - 9*o**2 - 23*o + 8*o**2 + 18*o. Let y be (-2)/((-1)/(-4)*2). What is b(y)?
0
Let x be (12/(-10))/((-4)/20). Let a = -20 - -14. Let f(c) = c**2 - c. Let v(p) = -7*p**2 + 13*p - 1. Let u(r) = a*f(r) - v(r). Give u(x).
-5
Let t(c) be the first derivative of -c**3 + 1 + 1/4*c**4 - 3/2*c**2 - 2*c. What is t(4)?
2
Let z(c) = -c**2 - 4*c - 5. Let m be z(-4). Let i(f) = -2*f**3 - 5*f**2 - 4*f + 6. Let y(d) = -d**3 + d**2 - d - 1. Let p(n) = -i(n) + y(n). Give p(m).
3
Let w = -2 - -1. Let s be 0/2 + -2 - w. Let l(p) = -5*p**3 - 2*p**2 - p. What is l(s)?
4
Let b = 3 + -1. Let g(a) = -2 + 2*a**2 - b*a + 4 - 1 - 5*a**3. Let k be g(1). Let z(i) = -i - 3. What is z(k)?
1
Let s = 0 - -2. Suppose -3*q = 4*x - 21, -s*q = 3*q + 5. Let l(a) = a**2 - 5*a - 7. What is l(x)?
-1
Let o(c) = -c**3 - 5*c**2 - c + 4. Suppose -4*m = -3*m + 2*u, 0 = m - 5*u. Suppose m = 3*j - 0*j - 3. Suppose 0 = 4*i - 5*g + j - 0, 0 = -3*i + 4*g. Give o(i).
-8
Suppose 2 = f - 0. Let r(j) = 1 - j**2 + 0*j**2 - 3*j**f + 2*j**2. What is r(1)?
-1
Suppose 3*n + 2 = 8. Let b = n - 2. Let y(g) be the second derivative of g**5/20 - 5*g**2/2 + 26*g. What is y(b)?
-5
Let j = -9 - -7. Let l(s) = 4*s. Let w(o) = -4*o + 1. Let m(q) = -3*l(q) - 2*w(q). Determine m(j).
6
Let k(f) = f**2 + f + 1. Suppose 4*b - 1 = m, 4*m - 5*b - 2 - 27 = 0. Suppose -m*y = -6*y + 10. Calculate k(y).
3
Let z(i) be the first derivative of -i**3/3 + i**2/2 + 2. Let d = 5 + -6. What is z(d)?
-2
Suppose 0 = 3*c + 3*z - 6, 0 = -5*c + z + 4. Let l = 3 - c. Let v(g) = 4 + l*g - 1 - 9. Give v(5).
4
Let g = -134 + 135. Let w(f) = -f + 0*f + 5*f. What is w(g)?
4
Let b(s) be the first derivative of 1 - 1/3*s**3 - 3*s + 1/2*s**2 + 1/4*s**4. Let p = 3 + -3. Give b(p).
-3
Let b be 0 + (-3 - (-24 - 2)). Suppose 0 = 2*n + 3*n - w + b, -3*w = n + 11. Let s(k) = 2*k + 3. Let i(v) = -5*v - 6. Let r(z) = n*s(z) - 3*i(z). What is r(-2)?
-7
Let v(c) = 2*c - 9 + 15 - c - 4. What is v(7)?
9
Let i(c) = -5*c - 3 - c - 5*c**2 + 5*c**2 + c**2. Suppose -v = -0*v - 6. Calculate i(v).
-3
Let s(o) = -o - 6. Suppose -r + 0*r - 2*u - 8 = 0, -3*r + 5*u = 24. Let j be s(r). Let w(z) = -1 + z - 2 - 2*z**2 + 2*z. Determine w(j).
-5
Let l = 5 + -8. Let q(x) = -2*x - x**2 + 4*x - 11 + 8 - x**3. Calculate q(l).
9
Let y(t) = 3*t**2 - 2*t + 3. Let o(v) = -v**2 - 1. Let p(d) = -2*o(d) - y(d). Calculate p(2).
-1
Let w(l) be the second derivative of -l**3/3 + l**2 + 2*l. Let b(j) = j - 1. Let q(g) = 7*b(g) + 3*w(g). Give q(5).
4
Let a = -4 - -6. Let d(p) 